{"id":96,"date":"2020-01-27T12:01:19","date_gmt":"2020-01-27T12:01:19","guid":{"rendered":"https:\/\/gruta.pt\/?page_id=96"},"modified":"2021-03-06T14:04:44","modified_gmt":"2021-03-06T14:04:44","slug":"contacto","status":"publish","type":"page","link":"https:\/\/gruta.pt\/index.php\/contacto\/","title":{"rendered":"Contacto"},"content":{"rendered":"\n<p class=\"has-text-align-center\"> GRUTA &#8211; Gr\u00e9mio de Utopias Arquitet\u00f3nicas  Lda.<br><br>Pra\u00e7a Vasco da Gama n.52<br>4610-118 Felgueiras<br><br>info@gruta.pt<br><br>Tlf. (00351)255922400<br>Tlm. (0049)01708415680<\/p>\n","protected":false},"excerpt":{"rendered":"<p>GRUTA &#8211; Gr\u00e9mio de Utopias Arquitet\u00f3nicas Lda. Pra\u00e7a Vasco da Gama n.524610-118 Felgueiras info@gruta.pt Tlf. (00351)255922400Tlm. (0049)01708415680<\/p>\n","protected":false},"author":1,"featured_media":0,"parent":0,"menu_order":0,"comment_status":"closed","ping_status":"closed","template":"","meta":[],"yoast_head":"<!-- This site is optimized with the Yoast SEO plugin v15.9.2 - https:\/\/yoast.com\/wordpress\/plugins\/seo\/ -->\n<title>Contacto - Gr\u00e9mio de Utopias Arquitect\u00f3nicas<\/title>\n<link rel=\"canonical\" href=\"https:\/\/gruta.pt\/index.php\/contacto\/\" \/>\n<meta property=\"og:locale\" content=\"pt_PT\" \/>\n<meta property=\"og:type\" content=\"article\" \/>\n<meta property=\"og:title\" content=\"Contacto - Gr\u00e9mio de Utopias Arquitect\u00f3nicas\" \/>\n<meta property=\"og:description\" content=\"GRUTA &#8211; Gr\u00e9mio de Utopias Arquitet\u00f3nicas Lda. Pra\u00e7a Vasco da Gama n.524610-118 Felgueiras info@gruta.pt Tlf. (00351)255922400Tlm. (0049)01708415680\" \/>\n<meta property=\"og:url\" content=\"https:\/\/gruta.pt\/index.php\/contacto\/\" \/>\n<meta property=\"og:site_name\" content=\"Gr\u00e9mio de Utopias Arquitect\u00f3nicas\" \/>\n<meta property=\"article:modified_time\" content=\"2021-03-06T14:04:44+00:00\" \/>\n<meta name=\"twitter:card\" content=\"summary_large_image\" \/>\n<script type=\"application\/ld+json\" class=\"yoast-schema-graph\">{\"@context\":\"https:\/\/schema.org\",\"@graph\":[{\"@type\":\"Organization\",\"@id\":\"https:\/\/gruta.pt\/#organization\",\"name\":\"GRUTA\",\"url\":\"https:\/\/gruta.pt\/\",\"sameAs\":[],\"logo\":{\"@type\":\"ImageObject\",\"@id\":\"https:\/\/gruta.pt\/#logo\",\"inLanguage\":\"pt-PT\",\"url\":\"https:\/\/gruta.pt\/wp-content\/uploads\/2020\/02\/Unbenannt.png\",\"width\":540,\"height\":521,\"caption\":\"GRUTA\"},\"image\":{\"@id\":\"https:\/\/gruta.pt\/#logo\"}},{\"@type\":\"WebSite\",\"@id\":\"https:\/\/gruta.pt\/#website\",\"url\":\"https:\/\/gruta.pt\/\",\"name\":\"Gr\\u00e9mio de Utopias Arquitect\\u00f3nicas\",\"description\":\"\",\"publisher\":{\"@id\":\"https:\/\/gruta.pt\/#organization\"},\"potentialAction\":[{\"@type\":\"SearchAction\",\"target\":\"https:\/\/gruta.pt\/?s={search_term_string}\",\"query-input\":\"required name=search_term_string\"}],\"inLanguage\":\"pt-PT\"},{\"@type\":\"WebPage\",\"@id\":\"https:\/\/gruta.pt\/index.php\/contacto\/#webpage\",\"url\":\"https:\/\/gruta.pt\/index.php\/contacto\/\",\"name\":\"Contacto - Gr\\u00e9mio de Utopias Arquitect\\u00f3nicas\",\"isPartOf\":{\"@id\":\"https:\/\/gruta.pt\/#website\"},\"datePublished\":\"2020-01-27T12:01:19+00:00\",\"dateModified\":\"2021-03-06T14:04:44+00:00\",\"breadcrumb\":{\"@id\":\"https:\/\/gruta.pt\/index.php\/contacto\/#breadcrumb\"},\"inLanguage\":\"pt-PT\",\"potentialAction\":[{\"@type\":\"ReadAction\",\"target\":[\"https:\/\/gruta.pt\/index.php\/contacto\/\"]}]},{\"@type\":\"BreadcrumbList\",\"@id\":\"https:\/\/gruta.pt\/index.php\/contacto\/#breadcrumb\",\"itemListElement\":[{\"@type\":\"ListItem\",\"position\":1,\"item\":{\"@type\":\"WebPage\",\"@id\":\"https:\/\/gruta.pt\/\",\"url\":\"https:\/\/gruta.pt\/\",\"name\":\"In\\u00edcio\"}},{\"@type\":\"ListItem\",\"position\":2,\"item\":{\"@type\":\"WebPage\",\"@id\":\"https:\/\/gruta.pt\/index.php\/contacto\/\",\"url\":\"https:\/\/gruta.pt\/index.php\/contacto\/\",\"name\":\"Contacto\"}}]}]}<\/script>\n<!-- \/ Yoast SEO plugin. -->","_links":{"self":[{"href":"https:\/\/gruta.pt\/index.php\/wp-json\/wp\/v2\/pages\/96"}],"collection":[{"href":"https:\/\/gruta.pt\/index.php\/wp-json\/wp\/v2\/pages"}],"about":[{"href":"https:\/\/gruta.pt\/index.php\/wp-json\/wp\/v2\/types\/page"}],"author":[{"embeddable":true,"href":"https:\/\/gruta.pt\/index.php\/wp-json\/wp\/v2\/users\/1"}],"replies":[{"embeddable":true,"href":"https:\/\/gruta.pt\/index.php\/wp-json\/wp\/v2\/comments?post=96"}],"version-history":[{"count":11,"href":"https:\/\/gruta.pt\/index.php\/wp-json\/wp\/v2\/pages\/96\/revisions"}],"predecessor-version":[{"id":778,"href":"https:\/\/gruta.pt\/index.php\/wp-json\/wp\/v2\/pages\/96\/revisions\/778"}],"wp:attachment":[{"href":"https:\/\/gruta.pt\/index.php\/wp-json\/wp\/v2\/media?parent=96"}],"curies":[{"name":"wp","href":"https:\/\/api.w.org\/{rel}","templated":true}]}}